.
5
Let k(z) = 2*z**3 + 1620*z**2 - 26443*z - 9091. Calculate k(-826).
-5
Let z(m) = 139*m + 2116. Determine z(-9).
865
Let t(u) = -245*u**2 + 36502*u + 447. Give t(149).
0
Let q(l) = 17429*l - 1830051. Calculate q(105).
-6
Let a(g) = -g**3 + 51*g**2 + 2209*g - 85. Give a(-28).
-1
Let y(n) = 4*n**2 + 154*n - 156. Calculate y(-49).
1902
Let f(a) = 9*a**2 + 35030*a - 140123. Give f(4).
141
Let p(q) = -2112*q + 65541. Calculate p(31).
69
Let g(d) = -324*d - 8488. Calculate g(-28).
584
Let k(v) = v**3 - 5522*v**2 - 133101*v + 39. Determine k(-24).
-33
Let k(x) = 5*x**3 + 47*x**2 + 38*x - 9. Determine k(-8).
135
Let x(u) = -6366*u - 770265. Calculate x(-121).
21
Let m(u) = 3*u**2 + 195*u + 1339. Determine m(-59).
277
Let s(l) = 111*l + 3113. What is s(-26)?
227
Let y(w) = -w**3 - 9*w**2 - 497*w - 5698. What is y(-11)?
11
Let b(a) = 3*a**3 - 14*a**2 + 118*a - 564. Calculate b(5).
51
Let a(l) = -l**2 - 907965*l + 4539844. What is a(5)?
-6
Let l(c) = 47*c + 291. Calculate l(30).
1701
Let m(s) = 2*s**3 - 46*s**2 + 236*s + 19. What is m(7)?
103
Let p(f) = -2*f**3 + 9*f**2 + 15*f + 92. What is p(7)?
-48
Let k(y) = -3182*y - 308646. Calculate k(-97).
8
Let k(p) = 41452*p - 41067. Calculate k(1).
385
Let o(t) = 4884*t + 92182. Give o(-19).
-614
Let l(g) = -684*g + 162631. Calculate l(238).
-161
Let s(g) = g**2 + 17364*g - 1045498. What is s(60)?
-58
Let y(g) = -g**2 - 1090*g - 8714. Give y(-8).
-58
Let f(x) = 22*x**2 + 122*x - 189. Give f(5).
971
Let d(s) = s**2 + 45*s + 577. Calculate d(-38).
311
Let r(s) = -2*s**3 - 589*s**2 + 343*s + 14133. What is r(-295)?
-27
Let p(z) = -29*z**3 + 104*z**2 + 70*z - 85. Determine p(3).
278
Let p(a) = 3868*a + 599528. Calculate p(-155).
-12
Let f(u) = 212*u**2 + 22683*u - 117. What is f(-107)?
-10
Let h(n) = 41006*n + 574197. Give h(-14).
113
Let z(h) = 74486*h + 372449. What is z(-5)?
19
Let w(x) = 784*x - 2057. Calculate w(3).
295
Let l(s) = -4*s**3 + 317*s**2 - 69*s - 471. Determine l(79).
319
Let p(y) = -3497332*y + 13989328. What is p(4)?
0
Let c(o) = -2647*o + 119134. What is c(45)?
19
Let h(l) = 10*l**2 + 181*l - 14. Determine h(-18).
-32
Let q(d) = d**3 + 17*d**2 + 15*d - 73. Give q(-16).
-57
Let u(v) = 1977*v - 102436. Calculate u(52).
368
Let p(t) = -1093*t + 99481. What is p(91)?
18
Let k(m) = 40*m**2 + 2985*m - 1167. What is k(-75)?
-42
Let y(n) = -5*n**2 + 203*n - 1772. Give y(28).
-8
Let z(w) = 261*w**2 + 21644*w - 1627. What is z(-83)?
-50
Let w(s) = -s**3 - 25*s**2 - 21089*s - 84022. What is w(-4)?
-2
Let c(v) = -66*v**2 + 1139*v - 243. What is c(17)?
46
Let q(v) = -21*v**2 - 2676*v - 10341. Determine q(-4).
27
Let f(g) = 21*g**3 - 450*g**2 - 261*g - 58. Calculate f(22).
8
Let q(x) = -14*x**2 - 62*x - 40. Give q(-16).
-2632
Let h(b) = -17*b**3 - 1361*b**2 - 51*b + 2528. Calculate h(-80).
208
Let v(q) = -11*q**3 - 115*q**2 - 51*q + 12. Give v(-10).
22
Let j(z) = 21*z**3 - 104*z**2 + 4*z - 31. Give j(5).
14
Let j(w) = w**3 - 156*w**2 - 9792*w - 24. What is j(204)?
-24
Let m(w) = -3303*w + 5188. Calculate m(1).
1885
Let h(r) = 4869*r - 13981. What is h(3)?
626
Let b(g) = -g**3 - 100*g**2 + 117*g + 1320. What is b(-101)?
-296
Let z(b) = b**2 - 660*b + 1959. Determine z(657).
-12
Let c(r) = -r**2 + 587*r - 19144. Give c(35).
176
Let h(d) = 3*d**3 - 3679*d**2 + 348109*d + 23586. Calculate h(1123).
3
Let g(c) = 2394*c - 1366963. Give g(571).
11
Let n(q) = 5*q**2 + 751*q + 6060. What is n(-8)?
372
Let l(x) = -36748*x + 1212671. Calculate l(33).
-13
Let c(a) = 3*a**2 - 3020*a + 9007. Give c(3).
-26
Let t(p) = -2*p**2 - 2077*p - 511872. Determine t(-402).
-126
Let q(d) = 2*d**2 - 152*d + 1300. Calculate q(71).
590
Let u(t) = -856*t - 34342. What is u(-40)?
-102
Let t(c) = -3*c**3 - 885*c**2 - 881*c + 322. Calculate t(-294).
28
Let u(r) = 4*r**2 - 891*r + 9916. Give u(211).
-1
Let f(t) = -1349*t - 176474. What is f(-131)?
245
Let a(i) = 678*i - 17176. What is a(22)?
-2260
Let t(h) = h**3 + 238*h**2 - 5174*h + 234. What is t(20)?
-46
Let n(u) = -182*u - 3175. Calculate n(-14).
-627
Let g(p) = 111*p**2 - 40173*p - 3255. Calculate g(362).
3
Let h(m) = -94273*m - 942735. Determine h(-10).
-5
Let n(i) = -3008*i + 237633. Calculate n(79).
1
Let t(k) = -k**2 - 196*k - 1423. Calculate t(-8).
81
Let y(f) = -158*f**2 - 3293*f + 194. Determine y(-21).
-331
Let m(r) = 3*r**2 + 20248*r + 1501755. Calculate m(-75).
30
Let f(w) = w**3 + 335*w**2 - 3550*w - 1509265. Calculate f(-332).
7
Let k(p) = -2*p**3 - 12*p**2 - 175*p - 1483. Give k(-9).
578
Let o(z) = -69*z + 112. What is o(2)?
-26
Let t(m) = 9*m**3 + 32*m**2 - 130*m - 49. Calculate t(-6).
-61
Let f(x) = -x**3 - 218*x**2 - x - 377. Determine f(-218).
-159
Let q(j) = -j**3 + 34*j**2 - 3442*j + 108112. Determine q(32).
16
Let v(x) = -x**3 - 9*x**2 + 143*x + 1504. Calculate v(-9).
217
Let a(l) = 3*l**3 + 20*l**2 - 321*l + 565. Calculate a(2).
27
Let i(c) = -2*c**2 - 274*c + 15907. Give i(44).
-21
Let m(i) = -4*i**2 + 16*i - 786. Calculate m(15).
-1446
Let o(d) = 5*d**2 - 132*d - 74. Determine o(27).
7
Let v(f) = 202*f**3 + 27061*f**2 - 942*f - 564. What is v(-134)?
-28
Let g(d) = -9457*d + 46430. What is g(5)?
-855
Let u(v) = -3*v**2 + 10804*v - 183477. Calculate u(17).
-676
Let z(b) = -516255*b + 8260086. Calculate z(16).
6
Let d(h) = -30*h**2 + 659*h - 3. Determine d(24).
-1467
Let u(p) = -p**2 - 309*p - 5520. Calculate u(-19).
-10
Let p(s) = -15*s**2 - 842*s + 7483. Calculate p(9).
-1310
Let v(j) = j**3 + 49*j**2 + 116*j - 393. Determine v(-45).
2487
Let v(u) = 2*u**3 + 17*u**2 - 140*u - 36. Give v(-15).
-861
Let r(w) = -22*w**3 - 14*w**2 + 157*w + 980. Calculate r(-6).
4286
Let j(p) = -2*p**3 - 22*p**2 - 447*p - 2883. What is j(-7)?
-146
Let b(w) = w**3 + 14*w**2 + 4563*w + 63838. Calculate b(-14).
-44
Let s(h) = -6*h**3 - 1454*h**2 - 479*h + 1202. Determine s(-242).
-8
Let z(u) = 249*u + 14143. What is z(-57)?
-50
Let w(k) = -38547*k - 270657. Calculate w(-7).
-828
Let y(b) = -1288*b + 28135. Give y(22).
-201
Let p(s) = 103559*s - 4038831. Calculate p(39).
-30
Let t(d) = d**2 - 148*d - 2519. Determine t(-19).
654
Let y(h) = -27*h**2 + 15*h - 29. Calculate y(4).
-401
Let w(z) = -2*z**2 - 161*z - 3243. Determine w(-19).
-906
Let q(u) = 3185*u + 60532. Calculate q(-19).
17
Let u(p) = -175*p + 9949. Calculate u(57).
-26
Let u(s) = 8259*s + 627695. Calculate u(-76).
11
Let b(q) = 1816*q + 169452. Calculate b(-93).
564
Let w(c) = -c**3 + 43*c**2 - 11*c - 5606. Determine w(39).
49
Let m(b) = -b**3 + 143*b**2 - 4716*b - 1466. Determine m(91).
-10
Let i(l) = l**3 + 11*l**2 - 567*l - 59. Give i(19).
-2
Let o(b) = 668*b - 47352. Calculate o(71).
76
Let t(c) = 8*c**2 + 310*c + 3319. What is t(-10)?
1019
Let c(i) = -184*i - 45045. Give c(-246).
219
Let n(f) = f**3 + 655*f**2 - 21237*f + 32. What is n(31)?
931
Let o(f) = 12*f**2 - 23182*f + 69432. Determine o(3).
-6
Let q(a) = -3*a**3 + 204*a**2 + 264*a - 3937. Determine q(69).
-4
Let l(i) = -542*i - 1946. Determine l(-6).
1306
Let g(o) = -o**3 + 48*o**2 - 290*o + 7312. Calculate g(45).
337
Let f(a) = 170*a**3 - 17*a**2 - 23*a + 5. Determine f(-2).
-1377
Let q(x) = -3*x**2 - 1710*x - 6892. What is q(-4)?
-100
Let m(f) = f**3 + 61*f**2 + 231*f - 12333. Determine m(-52).
-9
Let x(c) = 363*c + 5479. What is x(-21)?
-2144
Let k(c) = -938*c + 82580. Give k(86).
1912
Let l(v) = -2389*v + 186152. Determine l(78).
-190
Let w(m) = 5*m**3 + 723*m**2 - 307*m - 2461. Give w(-145).
4
Let z(y) = -24*y**2 - 3761*y - 15018. What is z(-4)?
-358
Let x(n) = -n**3 + 1411*n**2 + 216*n - 304792. What is x(1411)?
-16
Let s(x) = -x**3 + 256*x**2 - 12655*x - 515. Determine s(67).
21
Let d(h) = -11*h**3 - 981*h**2 - 195*h - 1514. Calculate d(-89).
-1
Let h(f) = -614631*f - 4302422. Determine h(-7).
-5
Let d(j) = 13*j**2 - 213*j + 415. Determine d(2).
41
Let d(o) = -o**3 + 21*o**2 - 91*o - 2. Determine d(6).
-8
Let s(j) = -2554*j - 109825. Calculate s(-43).
-3
Let c(s) = 6594*s + 455001. Calculate c(-69).
15
Let r(k) = -2*k**3 - 66*k**2 - 518*k + 32. Give r(-14).
-164
Let b(v) = 184*v**2 + 8113*v - 7532. Determine b(-45).
-17
Let b(x) = -829*x - 7664. Calculate b(-8).
-1032
Let i(a) = 951*a + 5055. Calculate i(-7).
-1602
Let i(s) = -34*s - 838. Determine i(9).
-1144
Let l(w) = -w**3 + 18*w**2 - 70*w + 35. Give l(12).
59
Let p(a) = 8122*a + 211168. What is p(